). What is the greatest common divisor of o and r?
2
Suppose -w + p + 6 = 0, -p - 24 = -0*w - 4*w. What is the greatest common divisor of 4 and w?
2
Suppose -k = 5*a - 19 - 6, -4*k = -2*a - 12. Suppose 0*h - a*p = 2*h - 64, 75 = 3*h - p. What is the highest common factor of 65 and h?
13
Let s(l) = l**3 - l**2 - 2*l - 1. Let u be s(2). Let n be 0/u + (4 - -1). Calculate the greatest common factor of 35 and n.
5
Let j = -72 - -46. Let h be 16/56 + j/(-7). Calculate the greatest common factor of 1 and h.
1
Let o = 45 + 11. Calculate the highest common divisor of 8 and o.
8
Let u be (-2)/(-6) - 4555/(-15). What is the greatest common divisor of 19 and u?
19
Let q be 6/(-4)*62/(-3). Let d = q + -22. Calculate the greatest common divisor of 72 and d.
9
Let r be 4/(-18) + (-3572)/(-36). Suppose 44 - 35 = k. Calculate the greatest common divisor of k and r.
9
Suppose 0 = 5*p + 10, 6*x - 4*p = x + 13. Let z be ((-12)/(-9))/(x/135). Let s be 4 + -8 + 0 - -24. Calculate the greatest common divisor of s and z.
20
Let a(w) = -w**2 + 2*w. Let h be a(-2). Let x be h/28 + 9/7. Let s be ((-2)/(-5))/(x/75). Calculate the highest common factor of 45 and s.
15
Let u(i) = -9*i**3 - 2*i**2 + 3*i + 4. Let b be u(-3). What is the greatest common factor of b and 20?
20
Suppose 0 = 2*t + 2*t - 88. Let l = 5 - 3. Suppose 4*u = z + 133, z + 36 - l = u. What is the highest common divisor of t and u?
11
Suppose 3*b + 2*y + 16 = 0, 13 = 2*b - 5*y - 8. Let a = b + 2. Suppose a*m = 4*m - 44. Calculate the greatest common factor of m and 11.
11
Suppose 0*g = k - 3*g - 72, -4*g = -16. Calculate the highest common factor of 28 and k.
28
Suppose -r + 2*r = 50. Let a be 4/(-6) + r/3. What is the highest common divisor of 4 and a?
4
Let v(y) = 155*y**3 - y**2 - y + 1. Let w be v(1). What is the highest common factor of w and 14?
14
Suppose 4*f + 0*f - 5 = 3*c, 0 = 4*f + 5*c - 45. Let w be f/(-10) - 1/(-2). Suppose 40 = -w*u + 4*u. What is the greatest common factor of u and 25?
5
Suppose 3*z = 2*m + 531, -4*z - 4*m + 685 = m. Suppose -2*c = 3*c - z. What is the greatest common factor of c and 5?
5
Let s(z) = 3*z**2 - z + 1. Let n be s(3). What is the highest common factor of n and 5?
5
Suppose -18 = -7*d + 4*d. Calculate the highest common factor of d and 10.
2
Let z = -21 - -63. What is the highest common divisor of 6 and z?
6
Let v = -1 - -6. Suppose 0 = 2*o + v*y - 27, -7*y = 4*o - 3*y - 60. Calculate the greatest common divisor of o and 144.
16
Let q = -182 + 391. Calculate the highest common divisor of 19 and q.
19
Let n = 8 + -4. Suppose 3*q = n*y + 43, -y + 5*q - 14 = q. Let v be (-116)/y + (-8)/(-20). What is the highest common factor of v and 96?
12
Suppose -4*h - 112 = -3*r, 45 = 2*r + 5*h - 45. What is the greatest common divisor of r and 5?
5
Suppose 2*b - 1 = 11. Suppose -b*v + 6 = -5*v. Let i = 8 - 4. Calculate the greatest common divisor of v and i.
2
Suppose 0 = -5*i - 4*m + 52, 0*m - 34 = -2*i + 5*m. Calculate the greatest common divisor of 30 and i.
6
Let h = -36 - -61. Calculate the greatest common divisor of 75 and h.
25
Let b = -4 + 6. Suppose 0*x - 2*x = 0. Suppose x = -b*g - 0*g + 8. Calculate the highest common factor of g and 40.
4
Let p(n) = 19*n - 2. Let s be p(2). Calculate the highest common divisor of s and 90.
18
Suppose 2*j - 42 = -0*j + u, -5*u - 95 = -5*j. Let h = j - -4. What is the highest common factor of 3 and h?
3
Suppose p = -2*j + 72, -p + 2*p - 106 = -3*j. What is the highest common divisor of j and 68?
34
Let h = -63 - -94. Suppose -f = -r + 13, -5*r = f - h - 46. What is the greatest common divisor of r and 75?
15
Suppose 0 = x + x + 154. Let m = 110 + x. Calculate the greatest common divisor of m and 3.
3
Suppose o - 11 = -3. What is the greatest common factor of 32 and o?
8
Suppose 7*o = 10*o - 24. What is the highest common divisor of 32 and o?
8
Let w = -74 + 250. Calculate the highest common factor of 16 and w.
16
Let w(q) = 30*q. Let o = 8 + 0. Let t = o - 5. Let p be w(t). What is the greatest common divisor of p and 18?
18
Let a(c) = 15*c**2 - 7. Let s be a(5). Suppose -863 = -5*t - s. What is the highest common factor of 9 and t?
9
Suppose -2*w - 3*w = -195. Suppose 4*t - 41 = w. Suppose -p - p + t = 0. What is the greatest common factor of p and 40?
10
Let c be 33 - (-4)/(1 - 5). What is the greatest common divisor of 48 and c?
16
Suppose 4*c - 13 = 5*a, -5*c - 3*a = -a - 41. Suppose 26 = 3*v - c. What is the greatest common divisor of v and 44?
11
Let p(y) = y**3 + 5*y**2 - 7*y - 5. Let i be p(-6). Let o be 8 + (-2 - 0) - i. Suppose 0*u - o*u = -90. Calculate the greatest common divisor of u and 18.
18
Suppose 2*q = -i + 6, 0 = q - 3*i + 4*i - 3. Let d = -1 + -3. Let p be (1 + 5)/(d/(-18)). What is the greatest common divisor of p and q?
3
Let a(v) be the first derivative of 5*v**2/2 + v + 2. Let r be a(2). Suppose -4*p + 17 = -r. What is the highest common divisor of 21 and p?
7
Let r = -43 - -88. What is the highest common divisor of r and 15?
15
Let c = 18 - 11. Suppose 4*i - c*i + 30 = 0. Calculate the highest common divisor of 70 and i.
10
Let k = -4 + 9. Let w(r) = r - 5. Let g be w(k). Let h = 1 - g. Calculate the highest common divisor of 8 and h.
1
Let b(z) = 3*z**2 + 2*z + 1. Let y be b(-2). Calculate the greatest common divisor of 63 and y.
9
Suppose 16 = 5*l - l. Suppose 0*c = -l*c + 60. Calculate the highest common divisor of 15 and c.
15
Let x = -8 + 18. What is the greatest common divisor of x and 40?
10
Let l(k) be the second derivative of -k**4/12 - k**3/6 + 13*k**2/2 + 3*k. Let j be l(0). What is the greatest common factor of j and 13?
13
Suppose g + 3 = 0, 4*h = -3*g - 2*g + 125. Suppose -h = -m - 4*i - 0*i, -175 = -5*m + 4*i. Calculate the greatest common factor of 14 and m.
7
Let v be (-6 + 9)*16/(-6). Let i be (-12)/v - 42/(-4). What is the greatest common factor of 18 and i?
6
Suppose -2*i - 2*q = i - 98, 2*i - 67 = -3*q. Calculate the highest common divisor of 4 and i.
4
Suppose 0*l + 5*l - 550 = 0. What is the highest common factor of l and 275?
55
Let n be 2/(-6) + (-476)/(-42). What is the highest common factor of 22 and n?
11
Let l = 23 - 20. Calculate the highest common divisor of 15 and l.
3
Let v = 446 + -257. Let t be (11/(-3))/((-9)/v). Calculate the highest common divisor of 7 and t.
7
Suppose -3*k = p + 12 - 114, -k = p - 32. Suppose 3*c + k = 275. Calculate the greatest common divisor of c and 10.
10
Let q(v) = v**2 - 4*v + 6. Let t be (5/(-5))/((-2)/12). Let k be q(t). Calculate the highest common factor of k and 126.
18
Let s(q) = q**2 + 6*q + 6. Let h be s(-6). Let k be 1/(h/(-7) + 1). Suppose 0 = 4*m + k - 535. What is the highest common factor of 12 and m?
12
Let r be (3 - (-4)/2) + 3. Suppose -4*s - 6 = 3*n - 44, -48 = -5*s - 4*n. Calculate the greatest common factor of r and s.
8
Let m be (-9)/(-2)*(-4)/(-3). Let c be 1/3 + (-2946)/(-18). Suppose 4*i - i + 5*v - c = 0, -i + 3*v + 36 = 0. Calculate the highest common factor of m and i.
6
Suppose 7*j + 32 = 3*j. Let b = j + 20. Calculate the greatest common factor of b and 96.
12
Suppose k - 5*k = z + 4, 4*z - 5*k = 26. Suppose -z*c + 64 = -0*c. What is the greatest common divisor of 48 and c?
16
Let c(f) = f**2 + 5*f - 4. Let n be c(-6). Let t be (10/6)/(1/(-3)). Let a be (4/10)/((-1)/t). Calculate the greatest common divisor of n and a.
2
Let w = 264 - 159. Suppose -5*r = -880 + w. Calculate the greatest common divisor of 31 and r.
31
Suppose -4*r + 2*o = -66, -3*r - o + 69 = r. Let b = -114 - -165. Suppose 3*q = 2*q + b. What is the highest common factor of q and r?
17
Let g be 1/5*-2*-30. Suppose -2*x - 14 - g = -a, -a + 26 = 2*x. Let w = 42 - a. Calculate the greatest common factor of w and 24.
8
Let k(y) = -15*y - 4. Let g be k(-4). Suppose 1 = r - 0, i - 9 = -r. Calculate the greatest common factor of i and g.
8
Let l = -14 - -18. What is the greatest common divisor of 4 and l?
4
Let l = 1 + -1. Suppose 2*b - 4*b - 4*f + 10 = 0, 0 = 3*b + 5*f - 15. Let o = b + l. What is the highest common divisor of 45 and o?
5
Suppose -28 = -0*c - c. Let h = 11 + -7. Calculate the highest common factor of c and h.
4
Let f be 0 - (-2 + 2 + -5)/1. Calculate the greatest common divisor of 10 and f.
5
Let i(h) = 2*h**2 - 4. Let c be i(-4). Let 